 27 and k?
9
Let i be 2 + 1 + (-82)/(-2). Calculate the highest common factor of i and 4.
4
Let r = 3 - -4. Let d = 15 + r. Calculate the greatest common factor of d and 33.
11
Let f be -3 + -9*(-21)/3. What is the highest common factor of f and 24?
12
Let v be 2/7 - 96/(-56). Suppose v*c - 31 = c - 3*y, -2*c - 5*y = -60. What is the highest common factor of c and 10?
5
Let t be (18/(-12))/((-6)/252). What is the greatest common divisor of t and 9?
9
Suppose 0 = -2*p + 4*p - 52. Calculate the highest common factor of p and 104.
26
Let b = -1 + 2. Let g be 4*((-27)/(-60) + 5/(-25)). Calculate the highest common factor of b and g.
1
Let a = 20 + -13. Suppose -5*i = -a*i + 6. What is the highest common factor of i and 27?
3
Let s(p) = 8*p - 14. Let y be s(3). What is the highest common divisor of y and 80?
10
Let j(x) = -2*x + 8. Let a be j(6). Let h = 4 + a. Suppose h = -3*o + o + 32. Calculate the greatest common divisor of o and 80.
16
Let y(i) = -14*i + 3. Let p be y(-1). What is the highest common divisor of p and 187?
17
Let n = -15 - -22. Let h(v) = -v**2 + 6*v. Let d be h(5). Suppose -2*i + 115 = 4*w - 3*w, 0 = -d*i + 5*w + 265. Calculate the highest common divisor of n and i.
7
Let z be 27/24 + 1/(-8). Calculate the highest common factor of 8 and z.
1
Let k = -14 + 30. Let x(r) = r**2 - 6*r + 1. Let l be x(6). Let h be 174 + (0 - l)*-2. Calculate the greatest common divisor of k and h.
16
Suppose 0*y - 127 = -y - 5*w, 0 = -5*w - 5. Let q be (-6)/21 + 86/7. What is the greatest common factor of q and y?
12
Let a be (-6)/(-1) + 3/(-1). Let j be (-4)/2 - 4 - a. Let s = j + 22. What is the highest common divisor of 143 and s?
13
Let f(z) = -3*z - 11. Let j be 74/(-8) + (-24)/32. Let h be f(j). What is the highest common factor of h and 95?
19
Let n(u) = 5*u**2 + 2*u + 5. Let q be n(-5). Suppose -4*b + 321 = -5*w - 2, 0 = -b - w + 74. Let i = b + -29. Calculate the greatest common divisor of q and i.
24
Suppose 4*f + 56 = 3*o, 140 = o + 4*o + 5*f. Suppose -3*h + 8 + 10 = 0. What is the greatest common divisor of h and o?
6
Let f(k) = -4*k - 2. Let b be f(-11). Calculate the greatest common factor of b and 6.
6
Suppose r - 50 = -2*l + 6*l, -3*r + 3*l = -105. Calculate the greatest common divisor of r and 12.
6
Suppose -j - 5*d + 130 = 35, 267 = 3*j - 3*d. Let x be (20/(-30))/((-4)/j). What is the greatest common divisor of x and 30?
15
Suppose d - 5*o + 2 = -9, 4*o + 20 = 4*d. What is the highest common divisor of d and 99?
9
Let l be 12/30 + (-16)/(-10). Suppose -15 = -l*h - 3*h. Let x = -2 + h. Calculate the greatest common divisor of x and 7.
1
Let v be (63/(-4))/(3/(-12)). What is the highest common divisor of v and 42?
21
Suppose 3*k - 2*k = 3*x - 26, 2*k = 4*x - 36. Calculate the greatest common divisor of x and 12.
4
Suppose 2*y = 2*o + 12 + 16, 0 = -4*y + 3*o + 54. Let u be 1324/10 + 6/(-15). What is the greatest common factor of y and u?
12
Let v(s) = s**2 + 7*s - 10. Let l be v(-9). Let r = 5 - -67. Calculate the highest common factor of l and r.
8
Let h be -108*-3*2/8. What is the highest common divisor of 9 and h?
9
Suppose -4 = -a, 2*o - 6 = 4*o - 4*a. Let d(s) = s + 4. Let h be d(o). Calculate the highest common factor of 9 and h.
9
Let f be 10/25 - (-356)/10. Let k = -13 + 13. Let a(o) = -o**3 + 54. Let c be a(k). What is the highest common factor of c and f?
18
Let w = 16 - 11. Let j(h) = 18*h - 10. Let c be j(w). What is the greatest common factor of c and 10?
10
Let t = -6 - -15. What is the highest common divisor of 18 and t?
9
Let r(a) = -2*a**2 + 9*a - 7. Let d(q) = -2*q**2 + 9*q - 7. Let f(l) = -6*d(l) + 5*r(l). Let u be f(8). What is the greatest common divisor of 7 and u?
7
Let i = 25 + 5. Let b = 34 - 19. What is the highest common divisor of i and b?
15
Suppose -20*d = -16*d - 44. What is the greatest common divisor of d and 11?
11
Let o = -60 + 40. Let k be (o/6)/((-2)/6). Let h(f) = f**3 + 9*f**2 - 11*f - 5. Let m be h(-10). What is the greatest common factor of k and m?
5
Suppose -10*i - i + 110 = 0. Let u be 22/5 + (-4)/10. Calculate the greatest common factor of i and u.
2
Let p = 16 + 44. Suppose k - 8 = 16. What is the highest common factor of k and p?
12
Let p = 2 - 1. Let j be (-2 + p + 2)*13. Let n = -27 - -40. What is the highest common factor of j and n?
13
Let c be 6/(-9) - (-4)/6. Let d = 4 - c. What is the greatest common divisor of d and 28?
4
Let j(z) = 12*z - 66. Let a be j(7). Calculate the greatest common factor of 63 and a.
9
Let v be (6/(-9))/((-1)/(-3)). Let j = 17 + v. What is the greatest common factor of j and 45?
15
Let b = 4 + -1. Suppose o = -2*p + 149, -5*o = b*p - 7*p + 263. Let t be (4/8)/(1/p). What is the greatest common divisor of t and 24?
12
Let a be (-290)/(-3) + (-2)/3. Suppose -2*i - 42 = -5*x + 16, 0 = x - 5*i - 7. What is the greatest common factor of a and x?
12
Suppose -2*x = t - 7, 26 + 9 = 5*t - 4*x. Suppose s = -3*s + 12. Let b be (-1504)/(-24) - (-1)/s. What is the highest common divisor of b and t?
7
Suppose -3*a + f - 1 = 0, 3*f - 5 = -3*a - 2*f. Suppose 5*c - 5*o = a, 3*c + 4*o - 19 - 2 = 0. Calculate the highest common factor of 3 and c.
3
Let n(a) be the first derivative of 2*a**3/3 + 3*a**2 - 10*a + 2. Let l be n(6). What is the highest common factor of 14 and l?
14
Let c be (-2)/(0 - -1) + 82. Suppose c = 4*j + j. Calculate the highest common divisor of 4 and j.
4
Suppose 3*o + 4 = 10. Calculate the highest common divisor of 18 and o.
2
Suppose 32*k = 28*k - 5*p + 236, -3*p + 12 = 0. Let d be 6*1 + -2 + 2. Calculate the highest common factor of k and d.
6
Suppose -5*m - 4 = -2*o + 3*o, -4*o + 22 = m. Calculate the greatest common factor of 3 and o.
3
Let d(k) = 9*k**3 - k**2 + 2*k - 1. Let w = -5 - -11. Let l(o) = -o**2 + 6*o + 1. Let q be l(w). Let r be d(q). What is the greatest common factor of 99 and r?
9
Suppose 3*p - 8 = -2*s, p + 4 = -0*p. Suppose -4*i - 79 + 159 = 0. What is the greatest common divisor of i and s?
10
Let a = 13 + -5. Calculate the greatest common factor of a and 12.
4
Let k = 29 + -14. Suppose 3*z + 2*b = 55, 2*z - 13 = 3*b + k. Let y = 39 - 5. Calculate the highest common divisor of y and z.
17
Let z be (-1 - 1*(-15)/6)*38. What is the highest common divisor of z and 38?
19
Let y = -21 - -33. What is the greatest common factor of 60 and y?
12
Let p = -54 + 84. Let a = 72 - 57. Calculate the highest common divisor of a and p.
15
Suppose s - 16 = -3*s. Calculate the greatest common divisor of 20 and s.
4
Suppose -j = 3*m + 2*j, -m - 3*j = 0. Suppose m = -4*c + 5 - 1. What is the greatest common factor of c and 2?
1
Let v(t) = -3*t**3 - 2*t**2. Let z be v(-2). Suppose -20*q + 1232 = -13*q. Calculate the greatest common divisor of z and q.
16
Let j = -105 - -177. What is the greatest common divisor of j and 9?
9
Suppose 0 = -3*i + i + 18. What is the greatest common divisor of 45 and i?
9
Let u be (-840)/(-18)*(-12)/(-5). Let f = -3 + 6. Suppose m - f*m = -28. What is the highest common divisor of m and u?
14
Let k(i) = i**2 + 6*i + 15. Let d be k(-4). What is the highest common divisor of d and 49?
7
Suppose -2*i = 2*i + 24. Let l = 5 - i. What is the greatest common factor of 22 and l?
11
Suppose -h - h - 8 = 0, -4*y = 3*h - 96. What is the greatest common factor of 18 and y?
9
Let i = -13 + 25. Let h be -3 + 4 - 3/(-1). What is the greatest common factor of i and h?
4
Let d = -26 + 48. Let z = d + -11. Calculate the highest common divisor of 44 and z.
11
Suppose -2*t = -2*l + t + 66, 3*l + 2*t - 73 = 0. Suppose -2*y = -5*y + 3*k + l, 4*k = -y + 24. Calculate the greatest common divisor of y and 3.
3
Let z be -2 + 4 - 19/(-1). Let a = 58 + -44. What is the highest common factor of z and a?
7
Suppose 2*l = -0*l - a + 112, a = -4*l + 224. Suppose 2*x - 18 = 2*w, 3*x - 18 = -w + 5. What is the highest common factor of x and l?
8
Let q = 34 - -35. Let k = 26 + q. Suppose 3*v - 54 = 5*s, k - 5 = 5*v - s. Calculate the highest common factor of v and 27.
9
Let y be 1 - (-1)/2*2. Suppose -4*f + 15 - 5 = -y*s, 0 = -2*f + 6. Let z = 3 - -5. Calculate the highest common divisor of s and z.
1
Let a(g) be the first derivative of g**3/3 + g**2/2 + g + 2. Let q be a(0). What is the highest common divisor of 9 and q?
1
Suppose 0 = 4*p - p - 3. Let h b